r(i) = -6*i**2 + 1. Give r(z).
-5
Suppose 142*l - 137*l = 0. Suppose -4*u - 4*c - 49 = c, l = -u + 4*c + 14. Let v(a) = -a**2 - 3*a - 1. Give v(u).
-19
Let t(l) = -9*l**2 - 87 - 9 - 22*l + 8*l**2 + 4. Give t(-16).
4
Let l(y) be the first derivative of y**2/2 + 8*y + 7653. Give l(5).
13
Let u(n) = n**2 + 4*n + 0 + 6 - 13*n + 8*n. Let q be u(0). Let t(b) = 0 + 9 - q - 2*b + b**2. Calculate t(3).
6
Let g(m) = 6*m - 78. Suppose 81 + 41 = -39*y + 551. Give g(y).
-12
Suppose -159 = q - 3*m + 52, -2*q = -5*m + 420. Let d = q + 196. Let o(r) = r**2 + 10*r + 12. Calculate o(d).
3
Let j(q) = 3028 + 5*q - 6042 + 3029. Suppose 37 = -6*n + 1. Determine j(n).
-15
Let f = -171 - -178. Let l(s) = 24*s - 7*s - 12*s - 8 - f*s. Calculate l(-7).
6
Let m(b) = b**2 + 2*b + 6. Let k = -97 - -102. Suppose -4*l - k*t = 31, 17 = -2*l - 7*t + 4*t. Determine m(l).
14
Let h(l) = -8 - 4*l**3 + l**3 + 9 - 2*l + l**2. Let a(b) = -b**3 - 5*b**2 - 3*b + 5. Let v be a(-4). Let t = 2 - v. What is h(t)?
-3
Let h(a) = -74*a + 21*a + 22*a + 14*a + 20 + 18*a. Give h(-25).
-5
Let i(b) be the third derivative of -4*b**2 - 1/120*b**5 + 0 - 2/3*b**3 + 0*b - 1/12*b**4. Let a(m) be the first derivative of i(m). Calculate a(-7).
5
Let m(c) be the second derivative of -13*c**5/20 + c**3/6 + c**2/2 - 22*c. Let s be ((-100)/4)/1 + -4. Let w = -30 - s. Give m(w).
13
Suppose 7*y - 6*y + 4*m = -15, 3*y = -4*m - 53. Let u(s) = -s**2 - 21*s - 42. Calculate u(y).
-4
Let a(z) = 18*z**2 + 16*z - 34. Let q be a(4). Let v be 6/81 - q/(-81). Let x(b) = -b**3 + 4*b**2 + 2*b - 2. Give x(v).
6
Suppose -3*x - 4 = -5*x. Let w be x/(((-2)/(-4))/((-15)/10)). Let g(h) = 0 + 4*h - 10*h + 4*h**2 - 3 - 5*h**2. What is g(w)?
-3
Let s(j) = -j**3 - 27*j**2 - 26*j - 2. Suppose n + 28 = -155*f + 157*f, 128 = -5*n - 2*f. Determine s(n).
-2
Let t(o) = -5*o**3 + 26*o**2 - 11*o + 4. Let p(y) = 6*y**3 - 31*y**2 + 12*y - 5. Let f(i) = 4*p(i) + 5*t(i). What is f(6)?
-42
Let g = -89 + 98. Let j = g - 7. Let x(l) = 5*l + 4 + 1 - j - l**2 + 1. Calculate x(6).
-2
Let p be (-2)/(-1*(-8)/(-28)). Let u(z) = -1. Let l(w) = w + 3. Let y be (2/((-6)/(-3)))/(-1). Let k(a) = y*l(a) - 6*u(a). Determine k(p).
-4
Suppose -136*g - 228 = -140*g. Suppose -g*i = 8*i - 10*i. Let z(f) = -5*f + 5. Calculate z(i).
5
Let g(t) = 3*t + 3. Let b be 6 - 5/(10/(-4)). Suppose -3*d = -u - b, -3*u - d = d - 20. Suppose 2*y + 11 = u*k - 3*y, -5*y - 15 = -5*k. Calculate g(k).
15
Let t(a) be the first derivative of -2*a**3/3 - a**2 + 5. What is t(-7)?
-84
Let s(b) be the first derivative of -b**4/4 + 2*b**3 - 7*b**2/2 + 12*b - 1120. What is s(5)?
2
Let h(f) = -3*f**3 + 11*f**2 + 64*f - 89. Let g(l) = 2*l**3 - 7*l**2 - 53*l + 90. Let n(x) = 4*g(x) + 3*h(x). What is n(5)?
-7
Let v(m) = -2*m**2 + 12*m - 19. Let a be v(3). Let k(b) = -b**3 - b**2 - 2*b. Let o(n) = 4*n**3 + 2*n**2 + 11*n - 4. Let p(q) = a*o(q) - 5*k(q). What is p(-3)?
7
Let t(s) be the second derivative of s**5/20 + 5*s**4/4 + 11*s**3/3 + 101*s**2/2 + 9963*s. What is t(-14)?
-11
Let a(i) = 2057*i + 17 + 1878*i - 2*i**2 - 3932*i. Calculate a(0).
17
Let q(t) = -t**2. Let i(d) = d**3 - 10*d**2 + 2. Let b be (-11)/(-2)*(-12*6)/6. Let n = b + 60. Let z(y) = n*q(y) + i(y). Give z(3).
-7
Suppose -23*m = -19*m - 508. Let s(a) = -68 + m - 10*a**2 - 61 - 11*a + a**3. What is s(11)?
-2
Let d(v) = 2*v**3 - 104*v**2 + 98*v + 193. Let p be d(51). Let z(f) = 4*f**2 + 47*f + 35. Calculate z(p).
2
Let p(m) = 3*m**2 - 31*m + 12. Let d be p(10). Let f(c) = 13*c**2 + 5*c + 9. Let b(a) = 4*a**2 + 2*a + 3. Let k(x) = d*f(x) - 7*b(x). Calculate k(-2).
-3
Let q(m) = 2*m - 1. Let i(g) = 9*g. Let w(a) = 28*a - 1. Let s(u) = -17*i(u) + 6*w(u). Let x(r) = 21*q(r) - 3*s(r). Determine x(4).
-15
Let v(m) = 4*m - 2. Let p = 73 + -69. Suppose 5*w - 4 = -p*d, -5*d + 2*w + 0 = -38. What is v(d)?
22
Let z(o) = -o**2 + 7*o + 192. Let w(f) = 2*f**2 - 17*f - 383. Let h(j) = 2*w(j) + 5*z(j). Let b(a) be the first derivative of h(a). Give b(-3).
7
Let g(i) = 217*i + 1957. Let q be g(-9). Let x(j) be the second derivative of 3/2*j**2 - 1/3*j**q + 0 - j + 1/20*j**5 + 1/6*j**3. Determine x(4).
7
Let f(x) = -x + 0*x**2 - 2*x**2 + 6*x**3 + x**2. Suppose 2209 - 2217 = -2*j - 2*b, 5*j = 2*b - 15. Calculate f(j).
-6
Let q(b) be the second derivative of b**4/12 + 10*b**3/3 + 14*b**2 + 4*b + 337. Give q(-18).
-8
Let l(u) = u**3 + 2*u**2 - 3*u - 5. Let z = 1485 - 1487. Calculate l(z).
1
Let r = 26 + -23. Let p(q) = -59*q + 1 + 60*q + 4*q**3 + 3*q**r + q**2. Determine p(-1).
-6
Let h(v) = -v**3 - 2*v**2 - 4*v - 2. Let a be 808/320*4 - (-1)/(-10). Suppose 0 = a*x - 176 + 196. Give h(x).
6
Let a(b) = -b**3 + b**2 + b + 1. Let k(c) = 4*c**3 - 2*c**2 + 4*c - 1. Let r(v) = -a(v) + k(v). Let d(z) = 177*z + 2303. Let t be d(-13). What is r(t)?
32
Let z(l) = -2*l + 4 - 4 + l**3 - 3*l**2 - 1. Suppose -7*r + 582 = -13*r. Let f = r - -99. Determine z(f).
-9
Let j be 1/(2*(-5)/140). Let b(r) = 3*r**3 - 18*r**2 + 3*r - 15. Let x(t) = 4*t**3 - 19*t**2 + 4*t - 15. Let m(o) = 5*b(o) - 4*x(o). Determine m(j).
-1
Suppose 15*l = 7*l + 40. Let o(c) = -3*c + 6. Let f be o(4). Let a(u) = 6*u**2 - 7*u + 4. Let r(x) = 7*x**2 - 8*x + 5. Let k(d) = f*a(d) + l*r(d). Give k(3).
-2
Let g = 117 + -115. Let x(j) = 7*j - g - 10*j - 3 + 6*j - j**2. Give x(3).
-5
Let w(h) = 29*h**2 - 25*h - 25. Let a(o) = 24*o**2 - 23*o - 26. Let y(j) = 6*a(j) - 5*w(j). What is y(-9)?
5
Let c(v) = -16*v**3 + 3*v**2 - 10. Let a(l) = 23*l**3 - 4*l**2 + 14. Let s(w) = -5*a(w) - 7*c(w). Suppose 2*q - 82 = -80. What is s(q)?
-4
Let s(q) = -q + 3. Let x be ((-44)/14 - -4)*42/9. Suppose x*c - 190 = 5*n, -3*n - c - 154 = -57. Let g = n + 31. What is s(g)?
6
Let j(d) = d - 3 - 26*d**2 + 0*d + 44 - 256*d**2 + 281*d**2. Give j(-6).
-1
Suppose 3*i - 4*l = 8, -97*i - 4*l - 16 = -101*i. Let a(f) = 3*f + 19. What is a(i)?
43
Let m(t) = -3*t**2 - 43*t - 4. Let b = -7762 + 7748. Give m(b).
10
Let v(j) = j**3 - 3*j**2 - 4*j + 6. Let m(u) be the second derivative of -5*u**3/6 + 13*u**2 - 26*u. Let c be m(-7). Let s = 65 - c. What is v(s)?
6
Suppose -v + 26*l - 21*l - 19 = 0, 3*l = -4*v + 16. Let w(p) be the second derivative of 4*p**5/5 + p**3/6 - p**2/2 + 41*p. Calculate w(v).
16
Let w(n) = n**3 - 10*n**2 + 12*n - 23. Suppose 3*m - 2*x + 21 = 42, 4*x - 57 = -5*m. Give w(m).
4
Let z(b) be the third derivative of 0*b + 56*b**2 - b**3 + 0 - 1/8*b**4. Let o(p) = p - 1. Let n be o(-3). Give z(n).
6
Let h(d) = -d**3 - 7*d**2 - 7*d - 2. Let j be h(-6). Let z(f) = -2*f**2 + j + 3 - 7*f + 3*f**2. Let x be 63/(-15)*140/(-98). Calculate z(x).
1
Let u(t) = t - 7. Suppose 0 = 2*m - 10 + 80. Let j = m - -35. Suppose j = -2*g + v + v + 6, -3*v = 9. Calculate u(g).
-7
Let b(i) = 2*i**3 - 4*i**2 + 6*i - 1. Let q(c) = -47*c + 1271. Let g be q(27). Determine b(g).
11
Let g(z) = 5*z**2 + 7*z**2 - 130*z - 1 + 55*z - 11*z**2 + 55*z. Give g(20).
-1
Suppose -5*a - 13 = 2*r, -3*r + 5*r + 3*a = -11. Let s(o) = 10*o - 1 - o - 4*o. Let n(d) = -4*d + 1. Let z(x) = r*n(x) - 3*s(x). What is z(-1)?
-2
Let c = 0 - 2. Let r(w) be the second derivative of w**6/720 + w**5/120 + w**4 - 3*w. Let l(i) be the third derivative of r(i). Give l(c).
-1
Let n(w) be the second derivative of w**3/6 - 5*w**2/2 - 11469*w. Let g(s) = -s**2 + 3*s - 2. Let a be g(3). Let f = 4 - a. Determine n(f).
1
Let l(z) = -6*z**2 + 20*z + 11. Let d(w) = 4*w**2 - 18*w - 10. Let u(m) = 7*d(m) + 6*l(m). What is u(-3)?
-58
Let z(w) = 3*w**3 + 3*w**2 + 7*w + 6. Let o(c) = 5*c**3 + 4*c**2 + 10*c + 9. Let d(s) = 5*o(s) - 8*z(s). Let f be (-80)/(-14) + 35/(-49). Determine d(f).
-8
Let z(l) = -l**3 + 4*l**2 + 60*l - 22. Let f be ((-1936)/(-66))/(-11)*15/(-4). Determine z(f).
-22
Suppose 5*k = 4*d + 5 + 10, -3*d = -2*k + 13. Let p(f) = 2*f**2 - 3*f - 1. Let z(x) = 24*x**2 - 39*x - 14. Let y(g) = 13*p(g) - z(g). Calculate y(k).
3
Let q be (-1)/12 + (-29746)/3336. Let r(a) = 7*a + 48. Give r(q).
-15
Let k(w) = 114*w - 11 + 115 - 85*w - 16*w. Calculate k(-7).
13
Let p(o) be the third derivative of 5*o**4/24 - o**3/2 + 22*o**2. Let i be p(1). Let f(h) = 4*h - 4*h - 3 - h**i - 3*h - 4*h. Give f(-5).
7
Suppose -r + 1781 - 1785 = -b, -r = b + 2. Let z be (-1)/(-2)*-2 - -6. Let s(k) = z*k - 5*k - 6*k + 4. Calculate s(r).
22
Let v(s) = 1 - 2*s + 2 - 2*s + 5*s. Suppose c - l + 25 = 0, 2*c - 5*l 